?
True
Does 44 divide 967?
False
Does 153 divide 14835?
False
Does 25 divide 44?
False
Is 2 a factor of 322?
True
Does 91 divide 52234?
True
Does 7 divide 700?
True
Is 624 a multiple of 19?
False
Is 51 a factor of 4335?
True
Is 44 a factor of 59316?
False
Does 83 divide 6557?
True
Is 3641 a multiple of 2?
False
Is 290 a multiple of 10?
True
Is 73 a factor of 112596?
False
Is 272 a factor of 24283?
False
Is 58754 a multiple of 69?
False
Does 7 divide 49?
True
Is 5 a factor of 245?
True
Is 72 a factor of 3311?
False
Is 14 a factor of 1498?
True
Is 980 a multiple of 19?
False
Does 23 divide 5681?
True
Does 22 divide 1065?
False
Is 62 a factor of 100616?
False
Does 56 divide 733?
False
Is 21 a factor of 94?
False
Does 6 divide 948?
True
Does 405 divide 49815?
True
Is 26 a factor of 755?
False
Is 25470 a multiple of 6?
True
Does 44 divide 1012?
True
Is 7 a factor of 576?
False
Does 34 divide 2992?
True
Does 116 divide 232?
True
Is 13333 a multiple of 132?
False
Is 81 a factor of 11907?
True
Does 44 divide 18920?
True
Does 7 divide 215?
False
Does 65 divide 21442?
False
Is 2 a factor of 837?
False
Is 1742 a multiple of 15?
False
Is 515 a multiple of 12?
False
Is 20 a factor of 16960?
True
Does 14 divide 11780?
False
Is 8037 a multiple of 19?
True
Is 17 a factor of 1088?
True
Is 110 a factor of 45760?
True
Is 24 a factor of 8495?
False
Does 14 divide 2072?
True
Is 22106 a multiple of 25?
False
Does 50 divide 3494?
False
Is 40 a factor of 25480?
True
Is 13 a factor of 520?
True
Is 87 a factor of 3915?
True
Is 306 a multiple of 6?
True
Is 4 a factor of 112?
True
Is 1704 a multiple of 71?
True
Is 77 a multiple of 7?
True
Is 23 a factor of 17059?
False
Is 583 a multiple of 33?
False
Is 9179 a multiple of 24?
False
Is 7 a factor of 3471?
False
Is 10319 a multiple of 25?
False
Is 21 a factor of 428?
False
Does 25 divide 80?
False
Is 1341 a multiple of 14?
False
Is 2339 a multiple of 33?
False
Does 3 divide 1080?
True
Is 30933 a multiple of 34?
False
Does 12 divide 581?
False
Is 13 a factor of 574?
False
Is 22 a factor of 76384?
True
Is 25032 a multiple of 42?
True
Does 2 divide 1983?
False
Does 33 divide 159?
False
Is 13 a factor of 13338?
True
Is 18 a factor of 17819?
False
Is 57 a factor of 1938?
True
Is 99 a factor of 2703?
False
Is 52 a factor of 44824?
True
Does 92 divide 3312?
True
Does 36 divide 180?
True
Is 5 a factor of 2094?
False
Is 22 a factor of 369?
False
Does 76 divide 17024?
True
Is 18 a factor of 7632?
True
Does 18 divide 774?
True
Is 21433 a multiple of 5?
False
Is 7590 a multiple of 11?
True
Does 79 divide 4699?
False
Is 23 a factor of 5583?
False
Is 1127 a multiple of 23?
True
Is 12 a factor of 313?
False
Does 224 divide 6048?
True
Is 12 a factor of 1312?
False
Is 72 a multiple of 72?
True
Does 7 divide 15624?
True
Is 17 a factor of 11577?
True
Is 17 a factor of 428?
False
Does 91 divide 11921?
True
Is 874 a multiple of 92?
False
Is 1288 a multiple of 92?
True
Does 28 divide 1250?
False
Is 24970 a multiple of 22?
True
Is 10 a factor of 803?
False
Is 6619 a multiple of 26?
False
Does 3 divide 481?
False
Is 78 a factor of 9438?
True
Is 19668 a multiple of 56?
False
Is 860 a multiple of 10?
True
Is 629 a multiple of 8?
False
Does 11 divide 1936?
True
Is 66 a factor of 10158?
False
Is 124 a factor of 8556?
True
Is 62 a factor of 802?
False
Does 33 divide 13307?
False
Is 2420 a multiple of 55?
True
Is 3348 a multiple of 12?
True
Is 20 a factor of 19553?
False
Is 149 a factor of 4598?
False
Is 209 a multiple of 51?
False
Is 10877 a multiple of 73?
True
Is 954 a multiple of 36?
False
Does 14 divide 1148?
True
Is 22 a factor of 12417?
False
Does 67 divide 27336?
True
Is 31 a factor of 1881?
False
Is 13 a factor of 7592?
True
Does 16 divide 559?
False
Does 4 divide 963?
False
Is 95940 a multiple of 65?
True
Is 64 a factor of 2240?
True
Is 228 a multiple of 12?
True
Is 109 a factor of 9919?
True
Is 119 a factor of 30052?
False
Is 6 a factor of 1361?
False
Is 21 a factor of 105?
True
Is 40 a factor of 20862?
False
Is 2538 a multiple of 47?
True
Does 27 divide 3429?
True
Does 34 divide 1054?
True
Is 13 a factor of 11196?
False
Does 7 divide 462?
True
Does 40 divide 640?
True
Does 116 divide 3025?
False
Does 4 divide 38?
False
Is 2296 a multiple of 82?
True
Is 1066 a multiple of 131?
False
Does 2 divide 1731?
False
Does 83 divide 8005?
False
Is 301 a multiple of 32?
False
Does 96 divide 92327?
False
Is 3 a factor of 707?
False
Does 31 divide 341?
True
Does 55 divide 24310?
True
Is 1235 a multiple of 24?
False
Is 7 a factor of 476?
True
Is 9744 a multiple of 29?
True
Does 17 divide 187?
True
Is 3495 a multiple of 71?
False
Is 25 a factor of 42177?
False
Is 1525 a multiple of 22?
False
Does 191 divide 83658?
True
Is 2244 a multiple of 34?
True
Is 60 a factor of 16015?
False
Is 3 a factor of 1361?
False
Is 591 a multiple of 3?
True
Is 1248 a multiple of 48?
True
Does 14 divide 462?
True
Does 12 divide 192?
True
Is 452 a multiple of 23?
False
Does 92 divide 86020?
True
Is 3564 a multiple of 132?
True
Is 4560 a multiple of 60?
True
Is 589 a multiple of 32?
False
Is 14 a factor of 3362?
False
Does 20 divide 4823?
False
Is 15 a factor of 465?
True
Is 2345 a multiple of 115?
False
Is 20 a factor of 4658?
False
Does 12 divide 13656?
True
Is 5105 a multiple of 2?
False
Is 6912 a multiple of 64?
True
Is 14 a factor of 14064?
False
Is 6171 a multiple of 11?
True
Is 11154 a multiple of 39?
True
Does 48 divide 4590?
False
Is 3879 a multiple of 34?
False
Is 1731 a multiple of 28?
False
Is 584 a multiple of 4?
True
Is 70 a factor of 560?
True
Is 492 a multiple of 41?
True
Is 18920 a multiple of 22?
True
Does 6 divide 388?
False
Is 115 a factor of 47630?
False
Does 14 divide 4830?
True
Does 237 divide 51192?
True
Is 117 a multiple of 39?
True
Does 8 divide 3122?
False
Is 61 a factor of 2501?
True
Does 79 divide 529?
False
Is 163 a multiple of 2?
False
Is 3710 a multiple of 53?
True
Is 16341 a multiple of 3?
True
Does 3 divide 1434?
True
Does 94 divide 39729?
False
Is 14195 a multiple of 17?
True
Is 2483 a multiple of 13?
True
Is 12 a factor of 8424?
True
Does 61 divide 1848?
False
Is 1401 a multiple of 2?
False
Is 120 a multiple of 8?
True
Is 8 even?
True
Does 16 divide 36213?
False
Does 71 divide 2343?
True
Is 4145 a multiple of 9?
False
Is 107 a factor of 856?
True
Does 37 divide 461?
False
Is 48 a factor of 13521?
False
Does 2 divide 260?
True
Does 3 divide 7452?
True
Does 17 divide 1523?
False
Is 15089 a multiple of 9?
False
Is 2160 a multiple of 15?
True
Is 20 a factor of 45400?
True
Is 2880 a multiple of 18?
True
Does 2 divide 258?
True
Is 12672 a multiple of 48?
True
Is 17 a factor of 1445?
True
Is 63921 a multiple of 53?
False
Is 721 a multiple of 42?
False
Is 19 a factor of 18931?
False
Is 13 a factor of 11236?
False
Is 20 even?
True
Is 46 a factor of 95?
False
Is 10 a factor of 60?
True
Is 340 a multiple of 10?
True
Is 8 a factor of 1728?
True
Is 2638 a multiple of 83?
False
Does 14 divide 6145?
False
Is 123 a factor of 7197?
False
Is 1596 a multiple of 76?
True
Does 46 divide 4968?
True
Is 10 a factor of 3592?
False
Does 18 divide 252?
True
Is 603 a multiple of 2?
False
Is 51 a factor of 19074?
True
Is 266 a multiple of 38?
True
Does 37 divide 5609?
False
Does 11 divide 3190?
True
Is 1364 a multiple of 4?
True
Is 15 a factor of 6685?
False
Does 22 divide 6021?
False
Is 341 a multiple of 11?
True
Does 17 divide 3094?
True
Is 11070 a multiple of 54?
True
Does 37 divide 2183?
True
Does 12 divide 775?
False
Is 33 a factor of 231?
True
Is 33 a factor of 122143?
False
Is 4320 a multiple of 9?
True
Does 22 divide 387?
False
Is 14661 a multiple of 114?
False
Is 69384 a multiple of 6?
True
Is 64 a factor of 704?
True
Is 31 a factor of 1674?
True
Is 8366 a multiple of 42?
False
Does 4 divide 123?
False
Does 4 divide 257?
False
Is 384 a multiple of 24?
True
Does 43 divide 5332?
True
Does 5 divide 325?
True
Is 79 a factor of 106887?
True
Is 19 a factor of 10203?
True
Is 4900 a multiple of 49?
True
Is 69 a factor of 1757?
False
Is 2946 a multiple of 83?
False
Does 53 divide 34662?
True
Is 2379 a multiple of 28?
False
Is 6808 a multiple of 184?
True
Does 155 divide 20925?
True
Is 280 a multiple of 8?
True
Does 10 divide 43820?
True
Is 97 a factor of 679?
True
Does